4 = -4*a. What is x(m)?
-9
Let j(d) = d + 8. Let p(n) = n + 8. Let q(r) = 3*j(r) - 2*p(r). Let v(l) = -l**2 + 12*l - 4. Let k be v(12). Give q(k).
4
Suppose 3*q + 5*o - o - 31 = 0, 13 = q + 2*o. Let r = q - 1. Let v(t) = 2*t**2 - 5*t - 2. What is v(r)?
10
Let t(v) = -2*v**2 - 3*v - 1. Suppose 5*d = d + 5*p - 37, 3*p - 12 = -d. Determine t(d).
-10
Suppose 4*j = 3*j + 1. Let l be -3*3/(j - 4). Let t(g) be the third derivative of g**4/12 - g**3/3 - g**2. Determine t(l).
4
Let b(p) = p**2 + p - 3. Let h(t) = -t**3 - t**2 + t + 1. Let g be h(-1). Suppose -a = -g*a + 6. Let i = 3 + a. Give b(i).
3
Let h(v) = -v**2 - 8*v - 9. Let d be h(-6). Suppose -1 = -d*f + 2*f. Let x = 1 - f. Let n(i) = i**3 - i**2 - i - 8. What is n(x)?
-8
Let y(l) = l**2 - l. Let a(w) = -5*w**2 + 8*w + 2. Let j(f) = -a(f) - 4*y(f). Let s be 3 + (2 - 0/(-1)). Determine j(s).
3
Let u(x) = 7 - 2 - 1 - 3*x + 2*x. Determine u(0).
4
Let f(k) be the first derivative of -1/2*k**2 - 6*k - 8. Determine f(-5).
-1
Let u(a) be the first derivative of a**2/2 + a - 6. What is u(1)?
2
Suppose 0 = 3*z - 4*t - 30, 0 = 4*t + 7 + 5. Let j(x) = x**3 - 7*x**2 + 6*x - 4. Calculate j(z).
-4
Let v(t) = -6*t**3 - 3*t**2 - t - 6. Let l(r) = -r**3 - r**2 - 1. Let y(f) = -5*l(f) + v(f). What is y(3)?
-13
Let a(z) = -4*z + 0*z + 5*z. Suppose -l = -2*l - 2*l. What is a(l)?
0
Let d(u) = u**3 - 3 + 6 - 4 - 2*u + u**2 + 2*u**2. Calculate d(2).
15
Let j(n) = -n + 1. Let d(g) = 5*g - 3. Let t(v) = d(v) + 3*j(v). Suppose -2*w - 4 = 4*s, -3*s - 2*w - 3*w = -4. Let h = s - -1. What is t(h)?
-2
Let y(p) = -3*p + 0*p + 2*p. Suppose -5*g - 4*w - 3 = 0, -g - 3*w - 5 = -0. Calculate y(g).
-1
Suppose -4 = -4*g, 7 = -q + g + 2. Let a(d) = 2*d + 5. Calculate a(q).
-3
Let b(p) be the second derivative of p**3/2 + 7*p**2/2 - 9*p. Determine b(-6).
-11
Let k(n) = n**2 + 4*n + 1. Let z be k(-2). Let v(g) = 4*g + 2. Determine v(z).
-10
Let c(r) = -4*r - 4. Let w(z) be the first derivative of -3*z**2/2 - 5*z - 2. Let x(t) = -2*c(t) + 3*w(t). Give x(0).
-7
Suppose 2*i + 13 = 3*i. Suppose 0 = 4*v - 9 - 11, -d = 3*v - i. Let f(c) = -6*c + 1. Let z(h) = -5*h + 1. Let b(u) = -4*f(u) + 5*z(u). Give b(d).
3
Suppose -7 = -g - 2. Let z(c) = -3*c**3 + 4*c**2 - 2*c - 1. Let n(q) = 4*q**3 - 3*q**2 + q + 2. Let j(f) = 2*n(f) + 3*z(f). Give j(g).
6
Suppose 0 = -2*o + o + 5. Let t(s) = -s**2 + 5*s + 3. Let j be t(o). Suppose -j*y + 0 = 3. Let v(g) = 6*g + 1. Determine v(y).
-5
Let n(r) = 2*r**3 + 0*r**3 + 4 - 7*r + 8*r**2 - 3*r**3. Let o be n(7). Let u(a) = a**3 - 5*a**2 + 5*a + 3. Give u(o).
7
Let n(z) = -z**2 - 12*z - 18. Let h be n(-10). Let i(f) be the first derivative of 1/2*f**h - 1 + 6*f. Determine i(-5).
1
Suppose -5*j + j + 16 = 0. Let s(c) = c**2 - 4*c - 1. Give s(j).
-1
Let w(g) = 4 - 2*g**2 + 5*g + 2 + g**2. Suppose -3*i + 12 = 0, 4*s - 2*i - 16 = -0. Calculate w(s).
0
Let c(j) = 5*j + 7. Suppose 15 = 3*x - 6*x. Let l(g) = 4*g + 6. Let f(r) = x*c(r) + 6*l(r). Suppose -5*k = -5*d + 5, -k + 2*k + 7 = 4*d. What is f(k)?
0
Let u(i) = -3 - 2 + i**2 + 0 + 4*i. Give u(-5).
0
Let h(u) be the third derivative of u**4/24 - u**3/6 + 20*u**2. Calculate h(-5).
-6
Let k(t) = -14*t**2 + 29*t. Let v(l) = 5*l**2 - 10*l. Let j(m) = -m + 3. Let n be j(7). Let u(p) = n*k(p) - 11*v(p). Suppose f - 1 - 4 = 0. Determine u(f).
-5
Let u(q) = 132*q**2 - 3*q - q**3 + 0*q**3 - 129*q**2. Give u(3).
-9
Suppose -z + 23 = -5*l, -3*z - 5*l + l = 26. Let p be z/(-3) + 65/15. Let t(h) = 8*h - 4*h - 1 - p*h - h**2. What is t(2)?
-7
Let j(i) = 2*i + 10. Let o be j(-6). Let w(u) = u**2 + 3*u + 3. Give w(o).
1
Let z(d) = -d - 2. Let b be (-2 + (-7)/(-2))*2. Calculate z(b).
-5
Let j(a) = 4*a - 17. Let n be j(4). Let p(h) be the third derivative of -h**4/4 + h**2. Calculate p(n).
6
Let p(y) = -y**2 + 4*y + 10. Let t be p(-2). Let g(x) be the first derivative of 3*x**2/2 - x + 1. Determine g(t).
-7
Suppose -x - x - 4*s = -54, 0 = x - 3*s - 12. Suppose -4*d = i - x, -i - 2*i = -d - 11. Let w(l) = -l - 3*l + i*l + 0*l. Calculate w(-1).
-1
Let k = -3 + 2. Let b(g) = -7*g - 2 - 1 + 4. What is b(k)?
8
Suppose -4*g = g - 55. Suppose 7 = 3*v - g. Suppose 0*l + 3*n + 5 = -l, -v = 3*n. Let i(s) = 5*s**2 + 1. Give i(l).
6
Let x be 10/12 - 2/6. Let h(p) be the first derivative of p + x*p**2 - 1. Determine h(-3).
-2
Suppose 0 = -5*w + w + 20. Suppose 0*p + p = w. Suppose p*k - x + 16 = 0, -2*k - 12 = -0*k + x. Let f(h) = -h**3 - 3*h**2 + 3*h - 3. Give f(k).
1
Let p(h) = -h**2 - 10*h - 1. Let y be p(-10). Let q(t) = t + 3. Let d be q(-4). Let g = d + y. Let a(z) = -2*z**3 - 3*z**2 + z + 2. Calculate a(g).
4
Let a(w) = 6*w**3 - 5*w**3 + 8*w + 2*w - 12*w**2 + 12. Give a(11).
1
Let i be (-4)/18 + (-4)/(-18). Let v(w) = i*w**2 + 1 - w**2 + 6*w - 2. Let a(b) = b + 10. Let s be a(-6). Determine v(s).
7
Let r(n) = -6 + 4 - 2*n - 5*n**2 + 2*n**2 - 2*n**2 - n**3. Give r(-2).
-10
Let o be 2/1*-1 - 0. Let q(r) be the third derivative of -r**4/6 - 7*r**2. Calculate q(o).
8
Let i(n) = n**2 - 6*n - 3. Suppose -17 + 42 = 5*j. Calculate i(j).
-8
Suppose 0 = -2*z + 4*z + 4. Let q = -1 + z. Let v(o) = o**3 + 2*o**2 - 4*o + 1. Calculate v(q).
4
Let s = -46 - -39. Let y(g) = g + 5. Calculate y(s).
-2
Let d(g) be the first derivative of 5/2*g**2 + 4*g + 2/3*g**3 + 1. Calculate d(-3).
7
Let b = 5 - 9. Let g(m) = 3*m + 5. Calculate g(b).
-7
Let m(d) = -d**2 - 14*d - 3. Let t be m(-11). Suppose l - t = -4*l. Let n(y) = y**2 + 2 + 5*y**2 - y**2 - 6*y**2 - l*y. Determine n(-5).
7
Let s(n) be the second derivative of n**5/20 + n**4/2 + 2*n**3/3 - 5*n**2/2 - 21*n. Give s(-4).
11
Let i(n) = -n - 1. Suppose -3*a - 9 = -4*m, 2*m - 17 = -5*a - 2*m. Let y(c) = 5*c**3 + c**2 - 1. Let s be y(a). Calculate i(s).
-6
Let y(c) be the second derivative of 2*c**4/3 - c**3/6 - c**2/2 - 19*c. Give y(-1).
8
Let j(x) = 91*x + 4*x**3 - 3*x**3 - 2 + 89*x - 185*x + 2*x**2. Determine j(-4).
-14
Let j(r) = -r**3 + 7*r**2 - 7*r + 8. Let i(d) = d**2 - 6*d + 1. Let v be i(6). Let g = v + 5. Give j(g).
2
Let g be 8*(2 + -4 - -3). Let d = g + -5. Let z(l) = -2*l - 3 - l**d - 1 - 4*l**2 + l. Give z(-4).
0
Let x(l) = -3*l**2 - 11*l - 13. Suppose 5*m - 50 = 5. Let d(z) = 6*z + 2*z**2 - z**2 + 7 + 2*z**2 - z**2. Let u(o) = m*d(o) + 6*x(o). Determine u(1).
3
Let x(v) = -v + 7. Let u(h) = -h + 6. Let d(o) = 5*u(o) - 4*x(o). What is d(6)?
-4
Let m(f) = f**2 + f - 8. Let c(y) = -y**3 + 3*y**2 - 2*y + 3. Let l be c(2). Suppose l*t - t = 2. Suppose -u - u = 3*d - 2, t = 2*d + u. What is m(d)?
-8
Let w(p) = 3*p. Let r(m) = 24*m. Let c(l) = -4*r(l) + 33*w(l). Give c(-3).
-9
Let c(w) = 6*w - 11. Let b(r) = 5*r - 11. Let m(v) = 5*b(v) - 4*c(v). What is m(9)?
-2
Let w(u) = -4*u**2 + u**2 + 4*u**2 - 2 + 6*u - 2*u**2. Calculate w(6).
-2
Let q(t) = t**3 - 4*t**2 - 3*t - 1. Let g(d) = -d + 5. Let n be g(-4). Let x = n + -4. What is q(x)?
9
Let q(r) = -4*r + 5. Let p be q(-4). Suppose -f - 1 = 2*x - 8, -x = 4*f - p. Let i(t) = 0*t + t**2 - f*t - 1 + 0*t + 2. Calculate i(5).
1
Let n be (-1)/(1 + 21/(-18)). Let v be 1 + (n - 8/4). Let x(u) be the first derivative of u**3/3 - 2*u**2 - 2*u + 1. What is x(v)?
3
Suppose 9 + 6 = 5*l. Suppose -r + m = -2 + 9, -l*r - m = 5. Let y(x) = -x - 4. What is y(r)?
-1
Suppose -22*f + 27*f + 25 = 0. Let m(s) be the first derivative of s**2/2 + 7*s + 1. What is m(f)?
2
Let i(v) = -5*v + 19. Let w(z) be the third derivative of z**4/12 - 3*z**3/2 + 3*z**2. Let x(t) = 4*i(t) + 9*w(t). What is x(-4)?
3
Let d(a) = 2*a**3 + 23*a**2 + 10*a + 15. Let w(f) = -f**3 - 11*f**2 - 5*f - 7. Let y(v) = 4*d(v) + 9*w(v). What is y(-6)?
-9
Let p(b) = 0 - 4*b + 6 - 3 + 3*b. Determine p(5).
-2
Let k(p) = -2*p**3 - 2*p**2 - 4*p - 3. Let l(g) = g**3 - 3*g - 4. Let f be l(-1). What is k(f)?
13
Let s(p) be the first derivative of 2*p**3/3 - p**2/2 - p - 5. What is s(-1)?
2
Let c = 11 - 8. Let l(w) = -7*w**3 + 11*w**2 - 3*w + 7. Let r(s) = 11*s**3 - 17*s**2 + 5*s - 11. Let g(z) = 8*l(z) + 5*r(z). What is g(c)?
4
Let m be -1 + -1 + (6 - -2). Let r(f) = 3 - m*f - 3. Suppose 2*a = -2*n, -2*a = 2*a - 5*n + 9. Calculate r(a).
6
Suppose -5*h = 5*u + 14 - 59, 5*h = 5*u - 15. Let t be (6/(-5))/(u/(-15)). Let p(g) = g - 6. Give p(t).
-3
Let w(l) = 9*l**2 - 2*l + 1. Let z be (-4)/10 - (-32)/5. Let i(q) = q - 7. Let t be i(z). Let a be (-1 - 0)/(t + 0). What is